j) = 2*j**2 - 72*j + 240. Let w be g(33). What is the greatest common divisor of w and 5082?
42
Let f(q) be the first derivative of -44*q**2 - 103*q - 18. Let g be f(-3). Calculate the highest common divisor of 23 and g.
23
Suppose 4*g = 5*l - 16, g - 3*g - 3*l = -14. Let t be (g - -3) + -16 + 6. Let h be (7 + t)*(16 - -2). What is the greatest common divisor of h and 54?
18
Let y = 385 + -376. Let g(w) = w**2 - 6*w + 28. Let h be g(y). Calculate the highest common factor of 40 and h.
5
Suppose -285 - 93 = -9*o. What is the greatest common divisor of o and 672?
42
Let x(h) = -11*h - 165. Suppose 0 = -2*z + 3*r - 70, 0 = -8*r + 3*r + 10. Let p be x(z). What is the highest common divisor of 33 and p?
11
Suppose -a = -4*z - 30 + 241, 5*z - 5*a - 245 = 0. What is the highest common divisor of 24 and z?
6
Suppose -14*j = 130 - 2356. What is the highest common factor of j and 1272?
159
Let o(p) = p**2 + 2*p - 3. Let k be o(-5). Suppose 0 = -5*h - 721 + 46. Let y = 159 + h. What is the greatest common factor of y and k?
12
Suppose 5*i = 22*i - 79402 + 9430. Calculate the greatest common factor of i and 24.
12
Suppose 48*g = -2*l + 51*g + 17149, -8547 = -l - 4*g. What is the highest common factor of 91 and l?
13
Let y = 5382 - 4906. Calculate the highest common factor of y and 98.
14
Let t be (-132)/(-24) + (-1)/(-2). Let q be (t/(-9))/(28/(-24738)). What is the highest common factor of 31 and q?
31
Let q(k) = k**3 - 3*k**2 + 4*k + 15. Let h be q(-3). Let g = 94 + h. Calculate the highest common divisor of g and 43.
43
Suppose -2*z + 3*c + 238 = 0, 84*c = 5*z + 86*c - 576. Calculate the highest common factor of 5597 and z.
29
Let r = -4396 + 9742. What is the greatest common divisor of 22 and r?
22
Let u be (-1 - (-327)/6)/(8/(-16)). Let w = u + 183. Calculate the highest common factor of w and 38.
38
Suppose 72*z - 7068 = 5316. What is the highest common factor of 1118 and z?
86
Suppose -6 = 3*r, 39*o - 35*o + 4*r - 1128 = 0. What is the greatest common divisor of o and 781?
71
Let t(m) = -m**3 - 26*m**2 - 24*m + 37. Let k be 5/(-15) + 444/(-18). Let b be t(k). Calculate the greatest common factor of 63 and b.
3
Suppose -5*n + 3*u + 110 = 0, -3*u - 72 = -0*n - 3*n. Let v(t) = -t + 25*t**2 - t - 5 + 4. Let z be v(2). Calculate the highest common factor of z and n.
19
Suppose -62*s + 12160 = 33*s. What is the highest common factor of s and 1552?
16
Suppose 0 = -3*k + k + 30. Suppose 27*r = 23 + 85. Suppose -h = r*u - 28, 18 = 5*u - 8*h + 5*h. Calculate the highest common divisor of k and u.
3
Suppose 105*a = 106*a + 4*d - 17201, -2*a - 2*d + 34402 = 0. Calculate the greatest common factor of 334 and a.
167
Suppose 5282*f - 900 = 5272*f. Let h(s) = s + 20. Let x be h(0). What is the highest common divisor of x and f?
10
Let j be ((-28)/21)/((-1)/(-3)). Let v be -4 - ((-1 - j) + -13). Let s(w) = -2*w**2 + 21*w - 6. Let g be s(10). Calculate the highest common divisor of v and g.
2
Suppose -26 = 7*m - 61. Suppose -4*v = m*u - 140, 0*u - 3*u + 2*v + 106 = 0. What is the highest common factor of 2 and u?
2
Suppose -10*x = 894 + 1746. Let k = x + 286. What is the greatest common divisor of 33 and k?
11
Let r = -232 + 240. Suppose 0 = -r*j + 5*j + 39. What is the greatest common factor of 286 and j?
13
Suppose -4*u + 1656 + 724 = 0. Suppose u + 17 = 17*a. What is the greatest common factor of a and 24?
12
Suppose -35 - 413 = -16*x. Let q be 91 + -4 + 3/(-1). What is the greatest common factor of x and q?
28
Let v = -116 + 224. Let x = 116 + -111. Suppose -4 = x*k - 64. Calculate the highest common factor of v and k.
12
Suppose 5*x - 60 = -s, 4*s - 36 = -3*x + s. Suppose -7*a - 14 = 21. Let d be a*(2 + 116/(-10)). What is the highest common divisor of d and x?
12
Let c be (-143)/(-11) + (27 - 10). What is the highest common factor of c and 7785?
15
Let t be (6/6)/(76/20 + -4) + 1949. What is the highest common divisor of t and 2160?
216
Let l = -250 - -494. Let q = l - 224. What is the greatest common divisor of q and 10?
10
Suppose 0 = 2*r + 3*o, -457*r + 4*o = -462*r + 49. Let f = 1933 - 904. What is the greatest common factor of r and f?
21
Let i be (-8)/(-2) + (31/(-29) - (-242)/3509). Let d(w) = -11*w - 2. Let n be d(-8). Suppose 3*r - 4 = n. What is the highest common divisor of i and r?
3
Suppose -3*w = 21 + 18. Let m = 9 - w. Suppose -46*u + m = -45*u. Calculate the greatest common divisor of u and 2.
2
Let z(g) be the first derivative of -3*g**2 - 27*g + 2. Let o be z(-6). Suppose o = 4*x - 27. Calculate the greatest common factor of x and 6.
3
Suppose 5*b + 119876 = 4*a, -9*a + b + 29968 = -8*a. Calculate the greatest common factor of a and 132.
132
Suppose 20*h - 24*h + 5*q + 1175 = 0, 5*q + 595 = 2*h. What is the greatest common divisor of 160 and h?
10
Suppose -6*q + 2923 = -353. Suppose -10*y + q = -8*y. Calculate the highest common divisor of 39 and y.
39
Suppose 70*f + 13552 = 72*f. Suppose 5*x = -9*x + f. What is the greatest common factor of x and 44?
44
Suppose 2*i + 46*j - 229 = 49*j, 0 = 4*i + 2*j - 482. Calculate the greatest common factor of i and 51.
17
Let f be ((-16)/24)/(1/(-15)). Let k(m) = -m**2 + 10*m + 14. Let x be k(f). Let b be 2*10 - (35 + -29). Calculate the greatest common factor of b and x.
14
Let x = -6647 + 6764. What is the highest common divisor of x and 24?
3
Suppose -2*b = 5*o + b - 1175, 4*b - 20 = 0. Calculate the greatest common factor of o and 32.
8
Let n(x) = 15*x + 60 - 36*x + 6. Let p be n(-10). Calculate the highest common factor of 24 and p.
12
Let a = -135 - 40. Let l = a - -203. What is the highest common factor of 14 and l?
14
Let i(f) = -14*f - 14. Let m be i(-6). Let r = 10 + m. Let b be ((-10)/9)/((-3)/81). What is the highest common factor of r and b?
10
Let t = -18366 - -19933. What is the highest common divisor of t and 1?
1
Let i be 12/(-22) + (-3078)/(-198) + 4. Calculate the greatest common factor of i and 10697.
19
Let a be ((-660)/40 - -9)/((-2)/36). Calculate the greatest common divisor of 126 and a.
9
Let p = 718 + -371. Let i = -326 + p. Calculate the greatest common factor of 357 and i.
21
Suppose 10*k + 274 + 76 = 0. Let c = 92 + k. Let p = -5 + 24. What is the greatest common divisor of c and p?
19
Let o = -838 + 871. What is the highest common factor of 72 and o?
3
Let d = 12516 - 12316. Suppose 2*i + 48 = -4*c, 2*i - i = -3*c - 20. Let p be (4/(-8))/(2/i). What is the highest common factor of p and d?
8
Let c(v) = 2*v**2 + 62*v - 28. Let s be c(-21). Let q = 141 - s. What is the greatest common divisor of 31 and q?
31
Suppose 380 = 4*g + 60. Let k(x) = x**3 + 15*x**2 + 10*x - 14. Let j be k(-11). Calculate the greatest common factor of j and g.
40
Let s be 14 + 695/(-50) + (-39987)/(-30). What is the highest common factor of s and 86?
43
Suppose 5*f - 171 = -206, 3*q = 2*f + 10190. What is the highest common divisor of q and 128?
64
Let w = -3 + 36. Let z be -4*(-1)/2 + (-23 - -36). Calculate the greatest common divisor of z and w.
3
Suppose -182 = 5*m - 7*m. Let x = -98 - -105. Calculate the highest common factor of m and x.
7
Let c = 8881 - 8717. What is the highest common factor of c and 16?
4
Let q(j) = 4*j**2 - 26*j - 8. Let n be q(7). Let m be 531/(-118)*(-32)/n. Calculate the highest common factor of m and 372.
12
Let n be (187/(-11) - -14) + 10 + -1. Calculate the greatest common factor of 218 and n.
2
Let n be ((-231)/9)/(-2 - 5/(-3)). Let v = -76 + n. Calculate the highest common factor of v and 3.
1
Suppose 120 = 4*z - 2*v, 0*z + 120 = 5*z + 5*v. Let g = 91 - 87. Calculate the highest common factor of g and z.
4
Suppose -2*c = 4*i - 3*i - 2, 3*c = -9. Let k be (-1 + 106)*i/12*-2. Let t = k - -158. What is the greatest common divisor of t and 24?
6
Let b(l) = -l**2 + 16*l + 136. Let m be b(12). What is the highest common divisor of 24 and m?
8
Let t be -13*12/(-195) - (-61)/5. What is the highest common factor of t and 8?
1
Suppose 0 = -6*d + 34 + 26. Let q be (256/(-12))/(d/(-15)). Let w be (2/(-3))/(7 + 215/(-30)). Calculate the highest common divisor of w and q.
4
Let k = -224 - -229. Suppose -k*u = -10, -6*h + 2*h + 1566 = u. Calculate the highest common divisor of h and 17.
17
Let d(x) = 2*x**3 + 3*x**2 - 6*x + 4209. Let r be d(0). What is the greatest common factor o